{"id":32,"date":"2023-04-29T12:58:59","date_gmt":"2023-04-29T09:58:59","guid":{"rendered":"https:\/\/maytexkece.com\/?page_id=32"},"modified":"2023-04-29T12:59:09","modified_gmt":"2023-04-29T09:59:09","slug":"gri-geotekstil","status":"publish","type":"page","link":"https:\/\/maytexkece.com\/index.php\/gri-geotekstil\/","title":{"rendered":"Gri Geotekstil"},"content":{"rendered":"<p>Geri D\u00f6n\u00fc\u015f\u00fcmden Elde edilen ke\u00e7e \u00fcr\u00fcn\u00fcd\u00fcr.<\/p>\n","protected":false},"excerpt":{"rendered":"<p>Geri D\u00f6n\u00fc\u015f\u00fcmden Elde edilen ke\u00e7e \u00fcr\u00fcn\u00fcd\u00fcr.<\/p>\n","protected":false},"author":1,"featured_media":0,"parent":0,"menu_order":0,"comment_status":"closed","ping_status":"closed","template":"templates\/page-fullwidth_template.php","meta":{"footnotes":""},"class_list":["post-32","page","type-page","status-publish","hentry"],"jetpack_sharing_enabled":true,"_links":{"self":[{"href":"https:\/\/maytexkece.com\/index.php\/wp-json\/wp\/v2\/pages\/32","targetHints":{"allow":["GET"]}}],"collection":[{"href":"https:\/\/maytexkece.com\/index.php\/wp-json\/wp\/v2\/pages"}],"about":[{"href":"https:\/\/maytexkece.com\/index.php\/wp-json\/wp\/v2\/types\/page"}],"author":[{"embeddable":true,"href":"https:\/\/maytexkece.com\/index.php\/wp-json\/wp\/v2\/users\/1"}],"replies":[{"embeddable":true,"href":"https:\/\/maytexkece.com\/index.php\/wp-json\/wp\/v2\/comments?post=32"}],"version-history":[{"count":1,"href":"https:\/\/maytexkece.com\/index.php\/wp-json\/wp\/v2\/pages\/32\/revisions"}],"predecessor-version":[{"id":33,"href":"https:\/\/maytexkece.com\/index.php\/wp-json\/wp\/v2\/pages\/32\/revisions\/33"}],"wp:attachment":[{"href":"https:\/\/maytexkece.com\/index.php\/wp-json\/wp\/v2\/media?parent=32"}],"curies":[{"name":"wp","href":"https:\/\/api.w.org\/{rel}","templated":true}]}}